{"id":47,"date":"2023-12-09T19:53:23","date_gmt":"2023-12-09T19:53:23","guid":{"rendered":"https:\/\/anjaboe.dk\/?page_id=47"},"modified":"2025-09-08T19:43:35","modified_gmt":"2025-09-08T17:43:35","slug":"om-mig","status":"publish","type":"page","link":"https:\/\/anjaboe.dk\/index.php\/om-mig\/","title":{"rendered":"Om Anja Boe"},"content":{"rendered":"\n<p>Som person er jeg nysgerrig p\u00e5 andre mennesker, og har tr\u00e6net min empati og lytteevne som et fundament til at give dig b\u00e5de medspil og modspil i tilpasse grader. <\/p>\n\n\n\n<p>Jeg har i hele mit voksne liv v\u00e6ret optaget af og n\u00f8rdet i kommunikation mellem mennesker. S\u00e6rligt det, som samtaler kan, har vakt min nysgerrighed om, hvordan jeg som samtalepartner kan st\u00f8tte andre i at h\u00e5ndtere det sv\u00e6re i deres liv. <\/p>\n\n\n\n<p>Jeg har s\u00e5ledes gennem en lang \u00e5rr\u00e6kke afholdt flere hundrede individuelle professionelle samtaler med unge og voksne mennesker om forskellige dele af deres liv, som er sv\u00e6rt for dem. Denne erfaring bringer jeg med ind i terapirummet, s\u00e5 du kan v\u00e6re tryg ved rammerne for vores samtale.<\/p>\n\n\n\n<figure class=\"wp-block-image aligncenter size-large is-resized\"><img loading=\"lazy\" decoding=\"async\" width=\"1024\" height=\"768\" src=\"https:\/\/anjaboe.dk\/wp-content\/uploads\/2023\/12\/Soebaenk-1024x768.jpg\" alt=\"\" class=\"wp-image-108\" style=\"width:500px\" srcset=\"https:\/\/anjaboe.dk\/wp-content\/uploads\/2023\/12\/Soebaenk-1024x768.jpg 1024w, https:\/\/anjaboe.dk\/wp-content\/uploads\/2023\/12\/Soebaenk-300x225.jpg 300w, https:\/\/anjaboe.dk\/wp-content\/uploads\/2023\/12\/Soebaenk-768x576.jpg 768w, https:\/\/anjaboe.dk\/wp-content\/uploads\/2023\/12\/Soebaenk.jpg 1253w\" sizes=\"auto, (max-width: 1024px) 100vw, 1024px\" \/><\/figure>\n\n\n\n<div style=\"height:5px\" aria-hidden=\"true\" class=\"wp-block-spacer\"><\/div>\n\n\n\n<h2 class=\"wp-block-heading\"><em>Erfaring<\/em><\/h2>\n\n\n\n<p>I st\u00f8rstedelen af mit arbejdsliv har samtaler med mennesker og gruppeforl\u00f8b v\u00e6ret omdrejningspunktet for mig som konsulent i et jobcenter og som privat anden akt\u00f8r. <\/p>\n\n\n\n<p>Lige nu arbejder jeg p\u00e5 en skole som mentor for unge studerende med forskellige psykiske diagnoser (kaldet SPS-vejleder). Her er samtaler med de unge mennesker et afg\u00f8rende redskab til, at de selv bliver i stand til at tackle de udfordringer, som studielivet og livet som s\u00e5dan, byder dem.<\/p>\n\n\n\n<p>Jeg bruger ogs\u00e5 en del tid som professionel frivillig r\u00e5dgiver for mennesker, der har mistet en n\u00e6rtst\u00e5ende til selvmord i \u201dLandsforeningen NEFOS &#8211;  Netv\u00e6rket for selvmordsramte\u201d,&nbsp;<a href=\"http:\/\/www.nefos.dk\" data-type=\"link\" data-id=\"www.nefos.dk\">www.nefos.dk<\/a>.&nbsp;Jeg specialiserer mig i at st\u00f8tte mennesker i sorg i at f\u00e5 indsigt i egne sorgreaktioner og med at finde frem til, hvordan de hver is\u00e6r kan lykkes med at leve et godt liv med den sorg eller det tab, som har ramt dem.<\/p>\n\n\n\n<p>Fra mit eget liv kender jeg selv til at tunge tab og sygdom blandt mine n\u00e6rmeste, ligesom jeg har l\u00e6rt at h\u00e5ndtere at leve godt igen efter perioder med overbelastninger og stress.<\/p>\n\n\n\n<figure class=\"wp-block-image aligncenter size-large is-resized\"><img loading=\"lazy\" decoding=\"async\" width=\"1024\" height=\"768\" src=\"https:\/\/anjaboe.dk\/wp-content\/uploads\/2023\/12\/Sne-skov-vej-1-1024x768.jpg\" alt=\"\" class=\"wp-image-106\" style=\"width:500px\" srcset=\"https:\/\/anjaboe.dk\/wp-content\/uploads\/2023\/12\/Sne-skov-vej-1-1024x768.jpg 1024w, https:\/\/anjaboe.dk\/wp-content\/uploads\/2023\/12\/Sne-skov-vej-1-300x225.jpg 300w, https:\/\/anjaboe.dk\/wp-content\/uploads\/2023\/12\/Sne-skov-vej-1-768x576.jpg 768w, https:\/\/anjaboe.dk\/wp-content\/uploads\/2023\/12\/Sne-skov-vej-1.jpg 1128w\" sizes=\"auto, (max-width: 1024px) 100vw, 1024px\" \/><\/figure>\n\n\n\n<div style=\"height:5px\" aria-hidden=\"true\" class=\"wp-block-spacer\"><\/div>\n\n\n\n<h2 class=\"wp-block-heading\"><em>Uddannelse<\/em><\/h2>\n\n\n\n<p><\/p>\n\n\n\n<p>Formelt set er jeg eksamineret gestalt-og psykoterapeut MPF med speciale i klinisk psykoterapi p\u00e5 niveau 7 p\u00e5 kvalifikationsrammen for Livslang L\u00e6ring, dvs. p\u00e5 masterniveau.<br>Oprindeligt er jeg uddannet cand. mag. i Kommunikation og Religionsvidenskab, og har gennem \u00e5rene bygget p\u00e5 med forskellige coaching-uddannelser. Alt sammen noget jeg har haft stor gavn af i mit arbejde i forskellige organisationer, hvor kommunikation med mennesker har v\u00e6ret omdrejningspunktet.<\/p>\n\n\n\n<p><\/p>\n\n\n\n<p>Mine uddannelser:<\/p>\n\n\n\n<ul class=\"wp-block-list\">\n<li>Psykoterapeut MPF med med speciale i klinisk psykotrapi, www.gestaltinstituttet.dk (2025))<\/li>\n\n\n\n<li>Motivational Interviewing, Den motiverende samtale, Masterclass (2021)<\/li>\n\n\n\n<li>NLP Practitioner Coach og Mindfulness (2021)<\/li>\n\n\n\n<li>Coaching og konflikth\u00e5ndtering, akademiuddannelse (2014)<\/li>\n\n\n\n<li>Coaching i organisationer, akademiuddannelse (2012)<\/li>\n\n\n\n<li>Life Coach med certificering ved ICF (2006)<\/li>\n\n\n\n<li>Cand.mag. i Kommunikation og Religionsvidenskab ved hhv. Aalborg og \u00c5rhus Universitet (2001)<\/li>\n<\/ul>\n","protected":false},"excerpt":{"rendered":"<p>Som person er jeg nysgerrig p\u00e5 andre mennesker, og har tr\u00e6net min empati og lytteevne som et fundament til at give dig b\u00e5de medspil og modspil i tilpasse grader. Jeg har i hele mit voksne liv v\u00e6ret optaget af og n\u00f8rdet i kommunikation mellem mennesker. S\u00e6rligt det, som samtaler kan, har vakt min nysgerrighed om, [&hellip;]<\/p>\n","protected":false},"author":1,"featured_media":0,"parent":0,"menu_order":0,"comment_status":"closed","ping_status":"closed","template":"","meta":{"footnotes":""},"class_list":["post-47","page","type-page","status-publish","hentry"],"_links":{"self":[{"href":"https:\/\/anjaboe.dk\/index.php\/wp-json\/wp\/v2\/pages\/47","targetHints":{"allow":["GET"]}}],"collection":[{"href":"https:\/\/anjaboe.dk\/index.php\/wp-json\/wp\/v2\/pages"}],"about":[{"href":"https:\/\/anjaboe.dk\/index.php\/wp-json\/wp\/v2\/types\/page"}],"author":[{"embeddable":true,"href":"https:\/\/anjaboe.dk\/index.php\/wp-json\/wp\/v2\/users\/1"}],"replies":[{"embeddable":true,"href":"https:\/\/anjaboe.dk\/index.php\/wp-json\/wp\/v2\/comments?post=47"}],"version-history":[{"count":43,"href":"https:\/\/anjaboe.dk\/index.php\/wp-json\/wp\/v2\/pages\/47\/revisions"}],"predecessor-version":[{"id":326,"href":"https:\/\/anjaboe.dk\/index.php\/wp-json\/wp\/v2\/pages\/47\/revisions\/326"}],"wp:attachment":[{"href":"https:\/\/anjaboe.dk\/index.php\/wp-json\/wp\/v2\/media?parent=47"}],"curies":[{"name":"wp","href":"https:\/\/api.w.org\/{rel}","templated":true}]}}